number?
False
Suppose -209 - 52 = -3*p. Suppose -4*h = 5*b - 153 - p, -2*b + 252 = 4*h. Is h prime?
False
Is (8/4)/(2/33) composite?
True
Suppose z - 4*z + 15 = 0. Suppose -5*r = 3*n - n - 193, r = -z. Is n a composite number?
False
Let w(t) be the second derivative of -3*t**3/2 - 3*t**2/2 + 2*t. Let z be 2/(-6) + (-51)/9. Is w(z) a composite number?
True
Suppose -9*a + 4*a = -265. Is a a composite number?
False
Let i(g) = g**3 - g**2 + 2. Let y be i(0). Suppose -4 = s, -y*o + 4*s + 16 = -5*o. Suppose 6*r + 5*l = 2*r + 193, -2*r + 2*l + 92 = o. Is r a prime number?
True
Let t be ((-12)/(-8))/(6/16). Suppose -112 = -t*w - 24. Is w a prime number?
False
Let j(t) = t**3 + 15*t**2 + 11*t + 6. Let n(w) = w**2. Let m(i) = j(i) - 5*n(i). Is m(-8) prime?
False
Let p = 36 + -17. Let f = 18 + p. Is f composite?
False
Let v(i) = 7*i + 4. Let n be 2*(-1)/2 - -2. Let q be 6 + (n + 1)/2. Is v(q) a prime number?
True
Let s = -3674 - -5331. Is s a prime number?
True
Let u = -2 + 5. Suppose 5*p - 179 = -u*q, 2*p = -2*q + 44 + 30. Is p a prime number?
False
Let q(w) = 25*w**2 - 2*w - 1. Let d = -1 + 0. Is q(d) a composite number?
True
Let a be 70/(-7) - 0/1. Let l = 23 + a. Is l a prime number?
True
Suppose -5*n + 115 = 5*b, -2*b + 47 = 2*n + b. Is n a composite number?
True
Suppose 12 = -15*v + 12*v. Is 2/(v - (-258)/63) prime?
False
Let z be 0/2 - (6 - 10). Let o(a) = 4*a**3 - 6*a**2 + 2*a + 1. Is o(z) a prime number?
False
Suppose -2*d - d - 5 = -z, 3*z = -d - 15. Let v(t) = -3*t**3 - 5*t**2 - 4*t + 3. Is v(z) a prime number?
True
Let l(d) = 10*d**2 + 2*d - 7. Is l(3) a composite number?
False
Let r(u) = -3*u**3 - 6*u**2 + u + 5. Let t(q) = -q**3 - q**2 + q + 1. Let n(y) = r(y) - 5*t(y). Suppose 2 - 5 = -v. Is n(v) composite?
True
Let v(k) = 3*k - 3. Let n be v(2). Let o(m) = 82*m + 1. Is o(n) composite?
True
Let v(y) = 40*y**2 - 2*y + 2. Let q be v(3). Suppose 2*s - q = -2*f, 0 = -2*f - s - 4*s + 353. Is f prime?
True
Is (-345)/6*6/(-3) composite?
True
Let g(m) = 149*m - 8. Is g(3) a composite number?
False
Let f(m) = -m**3 + 3*m**2 + 5*m - 4. Suppose -i + 6 = 2. Let w be f(i). Suppose -2*t + 21 + 81 = w. Is t a composite number?
True
Let b(g) = -g - 6. Let y be b(-8). Suppose -y*j = -2*u - 3*u + 15, -j - 4 = u. Is ((-237)/(-6))/(u/2) prime?
True
Let g(p) = -41*p + 3. Let z(f) = 83*f - 6. Let d(u) = -13*g(u) - 6*z(u). Is d(2) a prime number?
True
Suppose 2*w = -3*v - 12, -48 = -w + 4*w - 3*v. Is w/2*(-161)/21 composite?
True
Let x(t) = 11*t**2 + 5*t + 9. Is x(-3) prime?
False
Let o be 10*(2 + (-12)/15). Suppose -2*h + 4*b - b = -o, 4*h + b = 10. Is h composite?
False
Let y(i) = i + 10. Let k(p) = p + 10. Let r(q) = 3*k(q) - 4*y(q). Let f be r(-8). Is f*113*(-2)/4 a prime number?
True
Let w = -3 + 5. Let m be 2*(w - -2)/1. Suppose 5*l + s = 6 + m, 2*l = -s + 5. Is l a composite number?
False
Is (697 - 12)*(-2)/(-5) a composite number?
True
Let n(z) = z**2 - 2*z - 5. Let r be n(4). Is 3 - 31/(-1) - r composite?
False
Let j be (0 - 3 - -3) + 0. Is -332*(j - 4/8) composite?
True
Let g(w) = 5*w**2 - 70 + w**3 - w**3 - 4*w**2 - w**3 - w. Let h be g(0). Let f = h - -109. Is f prime?
False
Let h(a) be the first derivative of -65*a**4 - a - 2. Is h(-1) a prime number?
False
Suppose 4*r = 2*r + 10. Suppose 0 = -m + r*m. Suppose -5*c - 47 = -x, m*c - c - 113 = -3*x. Is x a composite number?
False
Let r(k) = -10*k - 5. Let w(s) = 2*s**2 - s + 1. Let z be w(-2). Let f = 7 - z. Is r(f) composite?
True
Let n be ((-2)/(-4) + -3)*-2. Suppose n*m = -0*s + 4*s + 239, 4*m - s = 200. Is m composite?
True
Let l be 0*(-2 + 5/2). Let r = 6 - 4. Suppose r*n = -l*n + 66. Is n a prime number?
False
Suppose 4*j = o - 23, 5 = 5*o - 0*j + 2*j. Is (-62)/((-5)/o - -1) composite?
True
Suppose 0 = 5*r + 14 + 1, 536 = w - 5*r. Suppose 0 = 5*u - w - 114. Is u composite?
False
Suppose 0 = -4*h + 2*v + 3192, -7*h + 5*v - 787 = -8*h. Is h a composite number?
False
Suppose -4*z + 17052 + 24324 = 4*u, -4*z - 31032 = -3*u. Is u/40 - 4/(-10) a composite number?
True
Let j = 482 - 216. Suppose -1951 + j = -5*o. Is o composite?
False
Let a(u) = 2*u - 5. Let x be a(7). Suppose 5*k + 0*k + 5*l = 320, -3*l - x = 0. Is k a composite number?
False
Let k(s) = s**2 + 15. Is k(-12) prime?
False
Let w = 4 - 0. Suppose -w*d = -5*d + 335. Is d composite?
True
Suppose -y + 3*f = f - 77, 2*y - 184 = -2*f. Is y composite?
True
Let g(x) = -x**3 - 5*x**2 + 8*x + 3. Let f be g(-6). Let m(v) = -v - 12. Let s be m(11). Let w = f - s. Is w a composite number?
True
Is 7 + -6 + 1038/1 composite?
False
Suppose 0 = z - 2*n - 435, 4*z + z + 2*n = 2139. Suppose c = 5*m - c - z, 0 = -3*c + 9. Is m a composite number?
True
Suppose -b - b = 132. Let u = -241 + 144. Let g = b - u. Is g prime?
True
Is 14/35*(787 + -2) a composite number?
True
Let i be (4/(-6)*-15)/2. Suppose 3*n + 8 = i*n. Suppose 2*k + 2*k + 5*l = 323, n*l = k - 107. Is k prime?
False
Suppose 2*q - 112 - 334 = 0. Is q a composite number?
False
Suppose 2*d + w = 792, 0*d - 2*d + 804 = -5*w. Is d a composite number?
False
Let d(w) = -w + 1657. Is d(0) composite?
False
Let y = -211 - -432. Is y composite?
True
Let j be -3*(2 - (-7)/(-3)). Let d = 1 - j. Is -2 + 0 - (-15 + d) a prime number?
True
Suppose -3*f + 649 = -1112. Is f composite?
False
Let c(v) = -v**2 - 7 + 1 + 0 + 2 - 4*v. Let k be c(-6). Is (-2)/8 + (-756)/k prime?
True
Let i(q) = q**2 + 5*q - 3. Let j be i(3). Suppose -3*f + j = 2*l, 3*l + 5*f - 7 = 26. Is l/4*(-186)/(-9) a prime number?
True
Suppose 6*i - 775 = i. Is i a prime number?
False
Let i = 664 - 357. Is i composite?
False
Suppose 2*q + 3*b = 3*q - 56, 2*q - 113 = 5*b. Is q prime?
True
Let k = 130 + 463. Is k prime?
True
Let w(t) = 10*t**2. Let b be w(-1). Let y(m) = 2*m - 1. Is y(b) a composite number?
False
Let s(j) = -j**2 - 6*j + 3. Let k be s(-6). Let b(r) = r - 1. Let i be b(k). Suppose i*y = 55 + 223. Is y composite?
False
Let p(v) = -3*v - 11*v - 2 - 7*v. Is p(-4) composite?
True
Is ((-6919)/68)/((3/(-4))/3) prime?
False
Let b = 1113 - -2936. Is b a prime number?
True
Let o = -34 - -56. Suppose 2*r = 10, 5*h - 1880 = -5*r + 655. Is h/o - 2/(-11) a prime number?
True
Suppose 6 + 9 = -q. Let w = q + 52. Is w a prime number?
True
Suppose -6*w = -4*w - 438. Let c = w - -98. Is c a prime number?
True
Let o = -1962 + 4719. Is o a composite number?
True
Let h = -523 + 1134. Is h composite?
True
Let i = -3 + 2. Let l(o) = -15*o. Is l(i) composite?
True
Suppose 2*z - 4*z = -4*r - 6, -4*r = 2*z - 6. Suppose -z*l = 6*f - f - 383, 2*f + 597 = 5*l. Is l prime?
False
Let j(g) = -2*g**2 + 12*g - 5. Let m be j(5). Let v(l) = 3*l**2 + 3*l - 7. Let n be v(-6). Suppose m*b - 22 = n. Is b a composite number?
True
Let m(c) = c**2 + 6*c - 7. Let t be m(-6). Is (-560)/t + (0 - 3) composite?
True
Let j be 3*4/3 - -1. Suppose 3*m - 10 = -2*r, 3*m - r - 2 = 2. Suppose 2*o + 297 = 5*o - 3*t, m*o - j*t - 204 = 0. Is o a composite number?
False
Let r(u) = -u**3 - 8*u**2 - 8*u - 5. Let p be r(-5). Let s = 26 + p. Let l = 20 + s. Is l a prime number?
False
Let a(o) = 12*o**2 + 5*o + 4. Is a(-3) prime?
True
Let b be 10 + 1 - (-3 - -5). Let j be (4/(-3))/((-6)/b). Suppose -j*h = 2*k - k - 97, 4*h - 285 = -3*k. Is k a composite number?
True
Let z(h) be the third derivative of h**4/24 + 7*h**3/3 - h**2. Let g be z(-9). Suppose 3*a - 61 = -t, 5*a + 84 - 219 = g*t. Is a composite?
True
Let d be 354/((-2)/(-4) - 0). Suppose -10*a + d = -6*a. Is a a composite number?
True
Let i(f) = 2*f**2 + 2*f. Let h be i(-2). Suppose 0 = h*s + 5*k, 3*k = -4*s - 0*s. Is 1*(-68)/(-2) + s a prime number?
False
Is (-555)/(-1) - (3 + -5) composite?
False
Let z(l) = 15*l**3 + 2*l**2 - l + 7. Let d(u) = -8*u**3 - u**2 - 3. Let b(k) = -5*d(k) - 2*z(k). Is b(2) composite?
False
Let n be ((-2)/6)/((-2)/12). Is -1*74/(-1*n) a prime number?
True
Let k = -110 + 243. Is k a prime number?
False
Suppose -3*n - c = -0*c - 123, 0 = 3*n - 3*c - 111. Suppose -664 = -4*o + 4*h, o + 4*h = 101 + n. Is o a prime number?
False
Suppose -50696 = -10*n + 4914. Is n a composite number?
True
Let o be -1 - -2*(45 + 3). Suppose p - o = 50. Is p composite?
True
Let u be (0*(-2)/(-4))/1. Let m(l) = l**3 + 7*l**2 - 7*l + 11. Let v be m(-8). Suppose u = v*y - 5*y + 38. Is y prime?
True
Let m = 5 + -1. Let s = m - 7. Is 